igit of 59905?
9
What is the units digit of 165?
5
What is the hundreds digit of 7963?
9
What is the ten thousands digit of 20737?
2
What is the thousands digit of 29903?
9
What is the hundreds digit of 498?
4
What is the tens digit of 41939?
3
What is the hundreds digit of 356?
3
What is the units digit of 21393?
3
What is the units digit of 1392?
2
What is the tens digit of 42619?
1
What is the tens digit of 5068?
6
What is the hundreds digit of 224?
2
What is the thousands digit of 1113?
1
What is the units digit of 439?
9
What is the hundreds digit of 1533?
5
What is the tens digit of 28927?
2
What is the thousands digit of 13933?
3
What is the thousands digit of 3583?
3
What is the units digit of 1530?
0
What is the units digit of 2286?
6
What is the thousands digit of 164517?
4
What is the thousands digit of 73822?
3
What is the hundreds digit of 998?
9
What is the tens digit of 4793?
9
What is the thousands digit of 13830?
3
What is the units digit of 49359?
9
What is the tens digit of 13845?
4
What is the tens digit of 81?
8
What is the thousands digit of 50485?
0
What is the hundreds digit of 294?
2
What is the tens digit of 2965?
6
What is the units digit of 1752?
2
What is the units digit of 2608?
8
What is the units digit of 69187?
7
What is the tens digit of 2307?
0
What is the ten thousands digit of 16483?
1
What is the hundreds digit of 18726?
7
What is the hundreds digit of 1411?
4
What is the units digit of 157044?
4
What is the hundred thousands digit of 121083?
1
What is the ten thousands digit of 36603?
3
What is the units digit of 15046?
6
What is the tens digit of 977?
7
What is the hundreds digit of 459?
4
What is the tens digit of 1389?
8
What is the ten thousands digit of 34006?
3
What is the units digit of 70276?
6
What is the units digit of 7564?
4
What is the thousands digit of 70176?
0
What is the tens digit of 694?
9
What is the tens digit of 1738?
3
What is the hundreds digit of 8009?
0
What is the tens digit of 14903?
0
What is the ten thousands digit of 36164?
3
What is the thousands digit of 1754?
1
What is the hundreds digit of 833?
8
What is the thousands digit of 8025?
8
What is the hundreds digit of 311?
3
What is the tens digit of 824?
2
What is the units digit of 126241?
1
What is the tens digit of 368?
6
What is the ten thousands digit of 16405?
1
What is the units digit of 22823?
3
What is the units digit of 52?
2
What is the tens digit of 2133?
3
What is the units digit of 5713?
3
What is the tens digit of 931?
3
What is the ten thousands digit of 22298?
2
What is the tens digit of 9045?
4
What is the hundreds digit of 7685?
6
What is the thousands digit of 6137?
6
What is the hundreds digit of 875?
8
What is the tens digit of 3574?
7
What is the hundreds digit of 23801?
8
What is the units digit of 37728?
8
What is the hundreds digit of 59476?
4
What is the ten thousands digit of 49286?
4
What is the hundreds digit of 5966?
9
What is the tens digit of 273?
7
What is the hundreds digit of 1403?
4
What is the thousands digit of 7472?
7
What is the tens digit of 38209?
0
What is the thousands digit of 1133?
1
What is the hundreds digit of 791?
7
What is the units digit of 1100?
0
What is the units digit of 3509?
9
What is the units digit of 8?
8
What is the hundreds digit of 12043?
0
What is the units digit of 1?
1
What is the hundreds digit of 1504?
5
What is the hundreds digit of 34435?
4
What is the hundreds digit of 81322?
3
What is the hundreds digit of 79791?
7
What is the ten thousands digit of 17583?
1
What is the tens digit of 5956?
5
What is the tens digit of 1163?
6
What is the hundreds digit of 5105?
1
What is the ten thousands digit of 25477?
2
What is the units digit of 107265?
5
What is the units digit of 248?
8
What is the tens digit of 71325?
2
What is the tens digit of 3100?
0
What is the thousands digit of 4833?
4
What is the tens digit of 9901?
0
What is the tens digit of 5769?
6
What is the tens digit of 790?
9
What is the units digit of 56431?
1
What is the hundreds digit of 155?
1
What is the tens digit of 32943?
4
What is the thousands digit of 6619?
6
What is the hundreds digit of 15161?
1
What is the ten thousands digit of 13625?
1
What is the tens digit of 12110?
1
What is the tens digit of 18461?
6
What is the tens digit of 114292?
9
What is the units digit of 615?
5
What is the thousands digit of 7933?
7
What is the tens digit of 1652?
5
What is the thousands digit of 12971?
2
What is the ten thousands digit of 51681?
5
What is the tens digit of 5565?
6
What is the thousands digit of 67627?
7
What is the units digit of 27571?
1
What is the units digit of 874?
4
What is the units digit of 12041?
1
What is the hundreds digit of 2531?
5
What is the tens digit of 42687?
8
What is the tens digit of 3827?
2
What is the tens digit of 7179?
7
What is the thousands digit of 117052?
7
What is the hundreds digit of 2093?
0
What is the units digit of 3190?
0
What is the units digit of 288?
8
What is the ten thousands digit of 25675?
2
What is the tens digit of 2033?
3
What is the thousands digit of 9934?
9
What is the tens digit of 317?
1
What is the thousands digit of 1045?
1
What is the units digit of 1365?
5
What is the units digit of 506?
6
What is the units digit of 2085?
5
What is the units digit of 39?
9
What is the hundreds digit of 14141?
1
What is the ten thousands digit of 71043?
7
What is the tens digit of 4495?
9
What is the hundreds digit of 1605?
6
What is the hundreds digit of 3677?
6
What is the tens digit of 35892?
9
What is the hundreds digit of 46343?
3
What is the hundreds digit of 73536?
5
What is the hundreds digit of 83769?
7
What is the units digit of 49?
9
What is the tens digit of 1340?
4
What is the thousands digit of 39743?
9
What is the units digit of 160751?
1
What is the thousands digit of 29389?
9
What is the hundreds digit of 16842?
8
What is the tens digit of 80697?
9
What is the thousands digit of 4770?
4
What is the units digit of 38?
8
What is the units digit of 813?
3
What is the tens digit of 275?
7
What is the thousands digit of 1465?
1
What is the thousands digit of 1018?
1
What is the units digit of 64421?
1
What is the hundreds digit of 836?
8
What is the hundreds digit of 898?
8
What is the thousands digit of 6971?
6
What is the thousands digit of 7316?
7
What is the hundreds digit of 5112?
1
What is the hundreds digit of 351?
3
What is the tens digit of 20654?
5
What is the units digit of 2262?
2
What is the thousands digit of 40513?
0
What is the units digit of 13?
3
What is the thousands digit of 64403?
4
What is the ten thousands digit of 28552?
2
What is the hundreds digit of 28740?
7
What is the ten thousands digit of 36841?
3
What is the hundreds digit of 1474?
4
What is the tens digit of 25?
2
What is the ten thousands digit of 22476?
2
What is the thousands digit of 16596?
6
What is the hundreds digit of 1854?
8
What is the thousands digit of 96723?
6
What is the tens digit of 23715?
1
What is the hundreds digit of 18269?
2
What is the thousands digit of 1558?
1
What is the hundreds digit of 14414?
4
What is the hundreds digit of 29875?
8
What is the thousands digit of 1136?
1
What is the units digit of 6667?
7
What is the units digit of 98489?
9
What is the tens digit of 4605?
0
What is the tens digit of 142?
4
What is the units digit of 3289?
9
What is the tens digit of 8687?
8
What is the tens digit of 1671?
7
What is the thousands digit of 5178?
5
What is the units digit of 44047?
7
What is the thousands digit of 6252?
6
What is the units digit of 2372?
2
What is the thousands digit of 1404?
1
What is the thousands digit of 2657?
2
What is the hundreds digit of 1195?
1
What is the units digit of 57106?
6
What is the units digit of 269?
9
What is the units digit of 78259?
9
What is the thousands digit of 70961?
0
What is the tens digit of 38091?
9
What is the thousands digit of 2827?
2
What is the tens digit of 2725?
2
What is the thousands digit of 3622?
3
What is the hundreds digit of 4244?
2
What is the tens digit of 27172?
7
What is the thousands digit of 1858?
1
What is the units digit of 1238?
8
What is the thousands digit of 24615?
4
What is the tens digit of 1450?
5
What is the tens digit of 71?
7
What is the hundreds